{"id":217,"date":"2019-12-29T15:23:30","date_gmt":"2019-12-29T14:23:30","guid":{"rendered":"http:\/\/encrenous.fr\/?page_id=217"},"modified":"2024-06-21T17:58:16","modified_gmt":"2024-06-21T15:58:16","slug":"qui-suis-je","status":"publish","type":"page","link":"https:\/\/encrenous.fr\/index.php\/qui-suis-je\/","title":{"rendered":"Qui suis-je\u00a0?"},"content":{"rendered":"\n<div style=\"height:12px\" aria-hidden=\"true\" class=\"wp-block-spacer\"><\/div>\n\n\n<p style=\"text-align: center;\"><span style=\"font-family: Pangram; color: #339966;\">\u00a0 \u00a0 \u00a0 \u00a0 \u00a0Une passionn\u00e9e d&rsquo;\u00e9criture,<img loading=\"lazy\" decoding=\"async\" class=\"size-medium wp-image-84 alignleft\" src=\"https:\/\/encrenous.fr\/wp-content\/uploads\/2019\/02\/plume-1-162x300.png\" alt=\"\" width=\"162\" height=\"300\" srcset=\"https:\/\/encrenous.fr\/wp-content\/uploads\/2019\/02\/plume-1-162x300.png 162w, https:\/\/encrenous.fr\/wp-content\/uploads\/2019\/02\/plume-1.png 295w\" sizes=\"(max-width: 162px) 100vw, 162px\" \/><\/span><\/p>\n<p style=\"padding-left: 40px; text-align: center;\"><span style=\"font-family: Pangram; color: #339966;\">\u00a0 \u00a0 \u00a0 \u00a0 \u00a0 \u00a0Une curieuse des Autres,<\/span><\/p>\n<p style=\"text-align: center;\"><span style=\"font-family: Pangram; color: #339966;\">\u00a0 \u00a0 \u00a0 \u00a0 Une amoureuse de la vie,<\/span><\/p>\n<p style=\"padding-left: 40px; text-align: center;\"><span style=\"font-family: Pangram; color: #339966;\">\u00a0 \u00a0 \u00a0 \u00a0 \u00a0 \u00a0Une mordue des rencontres,<\/span><\/p>\n<p style=\"text-align: center;\"><span style=\"font-family: Pangram; color: #339966;\">\u00a0 \u00a0 \u00a0 \u00a0 Une \u00e9prise d&rsquo;histoires<\/span><\/p>\n<p style=\"padding-left: 40px; text-align: center;\"><span style=\"font-family: Pangram; color: #339966;\">\u00a0 \u00a0 \u00a0 \u00a0 \u00a0 \u00a0Une fervente de la r\u00e9daction<\/span><\/p>\n<p style=\"padding-left: 40px; text-align: center;\"><span style=\"font-family: Pangram; color: #339966;\">\u00a0 \u00a0 Une f\u00e9rue de la recherche du bon mot..<\/span><\/p>\n\n\n<div style=\"height:12px\" aria-hidden=\"true\" class=\"wp-block-spacer\"><\/div>\n\n\n\n<p>Apr\u00e8s un s\u00e9jour au Canada anglophone et une ma\u00eetrise de sociologie, j&rsquo;ai travaill\u00e9 pendant plus de 10 ans avec des jeunes et des adultes en difficult\u00e9 avec le fran\u00e7ais (que la langue de Moli\u00e8re soit leur langue maternelle ou non, qu&rsquo;ils aient \u00e9t\u00e9 scolaris\u00e9s ou non). <\/p>\n\n\n<div class=\"wp-block-image\">\n<figure class=\"aligncenter is-resized\"><img loading=\"lazy\" decoding=\"async\" width=\"640\" height=\"425\" src=\"https:\/\/encrenous.fr\/wp-content\/uploads\/2020\/01\/business-college-composition-desk-419635.jpg\" alt=\"\" class=\"wp-image-480\" style=\"width:180px;height:80px\" srcset=\"https:\/\/encrenous.fr\/wp-content\/uploads\/2020\/01\/business-college-composition-desk-419635.jpg 640w, https:\/\/encrenous.fr\/wp-content\/uploads\/2020\/01\/business-college-composition-desk-419635-300x199.jpg 300w\" sizes=\"(max-width: 640px) 100vw, 640px\" \/><\/figure><\/div>\n\n\n<p><\/p>\n\n\n\n<p><\/p>\n\n\n\n<p>Pour varier les plaisirs, en reconversion professionnelle \u00e0 partir de f\u00e9vrier 2017, j&rsquo;ai suivi <strong>la formation du CNED \u00ab\u00a0\u00e9crivain public\u00a0\u00bb<\/strong>, deux formations \u00ab\u00a0Fun MOOC\u00a0\u00bb en ligne : l&rsquo;une sur la <strong>litt\u00e9rature jeunesse,<\/strong> l&rsquo;autre, <em><strong>Fautomaton<\/strong>,<\/em> sur la reconnaissance des diff\u00e9rents types de fautes et les diverses fa\u00e7ons de les \u00e9viter ou de les corriger. En avril 2019, je me suis inscrite \u00e0 la <strong>formation de formateur du projet Voltaire<\/strong>, \u00e0 l&rsquo;issue de laquelle j&rsquo;ai obtenu le score de<strong> 970 \/ 1000 (niveau expert) au Certificat Voltaire.<\/strong><\/p>\n\n\n<div class=\"wp-block-image\">\n<figure class=\"aligncenter size-medium is-resized\"><img loading=\"lazy\" decoding=\"async\" width=\"222\" height=\"300\" src=\"https:\/\/encrenous.fr\/wp-content\/uploads\/2021\/03\/Certificat-Volatire-19-avril-2019-com-site-222x300.jpg\" alt=\"\" class=\"wp-image-1228\" style=\"width:160px;height:216px\" srcset=\"https:\/\/encrenous.fr\/wp-content\/uploads\/2021\/03\/Certificat-Volatire-19-avril-2019-com-site-222x300.jpg 222w, https:\/\/encrenous.fr\/wp-content\/uploads\/2021\/03\/Certificat-Volatire-19-avril-2019-com-site-759x1024.jpg 759w, https:\/\/encrenous.fr\/wp-content\/uploads\/2021\/03\/Certificat-Volatire-19-avril-2019-com-site-768x1037.jpg 768w, https:\/\/encrenous.fr\/wp-content\/uploads\/2021\/03\/Certificat-Volatire-19-avril-2019-com-site-1138x1536.jpg 1138w, https:\/\/encrenous.fr\/wp-content\/uploads\/2021\/03\/Certificat-Volatire-19-avril-2019-com-site-1517x2048.jpg 1517w, https:\/\/encrenous.fr\/wp-content\/uploads\/2021\/03\/Certificat-Volatire-19-avril-2019-com-site-scaled.jpg 1897w\" sizes=\"(max-width: 222px) 100vw, 222px\" \/><\/figure><\/div>\n\n\n<div style=\"height:19px\" aria-hidden=\"true\" class=\"wp-block-spacer\"><\/div>\n\n\n\n<p>Les mots sont comme des lego avec lesquels jouer \u00e0 l&rsquo;infini. \u00c9crire, relire, corriger sont autant d&rsquo;activit\u00e9s qui me <strong>passion<\/strong>nent : aider, <strong>accompagner<\/strong> quelqu&rsquo;un en d\u00e9couvrant, ou non, des univers, des pens\u00e9es, des imaginations est \u00e0 chaque fois un nouveau voyage enrichissant.<\/p>\n\n\n<div class=\"wp-block-image is-style-default\">\n<figure class=\"aligncenter size-large is-resized\"><img loading=\"lazy\" decoding=\"async\" width=\"850\" height=\"865\" src=\"https:\/\/encrenous.fr\/wp-content\/uploads\/2021\/03\/Fautomaton3.png\" alt=\"\" class=\"wp-image-1229\" style=\"width:213px;height:216px\" srcset=\"https:\/\/encrenous.fr\/wp-content\/uploads\/2021\/03\/Fautomaton3.png 850w, https:\/\/encrenous.fr\/wp-content\/uploads\/2021\/03\/Fautomaton3-295x300.png 295w, https:\/\/encrenous.fr\/wp-content\/uploads\/2021\/03\/Fautomaton3-768x782.png 768w\" sizes=\"(max-width: 850px) 100vw, 850px\" \/><\/figure><\/div>\n\n\n<p><\/p>\n\n\n\n<p>Vous avez besoin d&rsquo;un coup de plume pour la correction ou la r\u00e9daction d&rsquo;un courrier, administratif ou non, d&rsquo;un compte rendu de r\u00e9union ou d&rsquo;un rapport de stage, d&rsquo;un texte pour le web, d&rsquo;un discours ou d&rsquo;un r\u00e9cit, bref, de tout \u00e9crit, vous souhaitez r\u00e9viser orthographe et\/ou grammaire, je vous propose de nous rencontrer, t\u00e9l\u00e9phoner ou de communiquer par mail pour \u00e9tudier votre demande et vous apporter une r\u00e9ponse personnalis\u00e9e.<\/p>\n\n\n<div class=\"wp-block-image\">\n<figure class=\"aligncenter is-resized\"><img loading=\"lazy\" decoding=\"async\" width=\"683\" height=\"1024\" src=\"https:\/\/encrenous.fr\/wp-content\/uploads\/2020\/01\/Agnes-fond-pierre-9-683x1024.jpg\" alt=\"\" class=\"wp-image-476\" style=\"width:171px;height:256px\" srcset=\"https:\/\/encrenous.fr\/wp-content\/uploads\/2020\/01\/Agnes-fond-pierre-9-683x1024.jpg 683w, https:\/\/encrenous.fr\/wp-content\/uploads\/2020\/01\/Agnes-fond-pierre-9-200x300.jpg 200w, https:\/\/encrenous.fr\/wp-content\/uploads\/2020\/01\/Agnes-fond-pierre-9-768x1152.jpg 768w, https:\/\/encrenous.fr\/wp-content\/uploads\/2020\/01\/Agnes-fond-pierre-9.jpg 1837w\" sizes=\"(max-width: 683px) 100vw, 683px\" \/><figcaption class=\"wp-element-caption\">Cr\u00e9dit photo : Herv\u00e9 Thiery, Temps de Pose<\/figcaption><\/figure><\/div>\n\n\n<p><\/p>\n","protected":false},"excerpt":{"rendered":"<p>\u00a0 \u00a0 \u00a0 \u00a0 \u00a0Une passionn\u00e9e d&rsquo;\u00e9criture, \u00a0 \u00a0 \u00a0 \u00a0 \u00a0 \u00a0Une curieuse des Autres, \u00a0 \u00a0 \u00a0 \u00a0 Une amoureuse de la vie, \u00a0 \u00a0 \u00a0 \u00a0 \u00a0 \u00a0Une mordue des rencontres, \u00a0 \u00a0 \u00a0 \u00a0 Une \u00e9prise d&rsquo;histoires \u00a0 \u00a0 \u00a0 \u00a0 \u00a0 \u00a0Une fervente de la r\u00e9daction \u00a0 \u00a0 Une f\u00e9rue [&hellip;]<\/p>\n","protected":false},"author":1,"featured_media":0,"parent":0,"menu_order":0,"comment_status":"closed","ping_status":"closed","template":"","meta":{"footnotes":""},"_links":{"self":[{"href":"https:\/\/encrenous.fr\/index.php\/wp-json\/wp\/v2\/pages\/217"}],"collection":[{"href":"https:\/\/encrenous.fr\/index.php\/wp-json\/wp\/v2\/pages"}],"about":[{"href":"https:\/\/encrenous.fr\/index.php\/wp-json\/wp\/v2\/types\/page"}],"author":[{"embeddable":true,"href":"https:\/\/encrenous.fr\/index.php\/wp-json\/wp\/v2\/users\/1"}],"replies":[{"embeddable":true,"href":"https:\/\/encrenous.fr\/index.php\/wp-json\/wp\/v2\/comments?post=217"}],"version-history":[{"count":47,"href":"https:\/\/encrenous.fr\/index.php\/wp-json\/wp\/v2\/pages\/217\/revisions"}],"predecessor-version":[{"id":1562,"href":"https:\/\/encrenous.fr\/index.php\/wp-json\/wp\/v2\/pages\/217\/revisions\/1562"}],"wp:attachment":[{"href":"https:\/\/encrenous.fr\/index.php\/wp-json\/wp\/v2\/media?parent=217"}],"curies":[{"name":"wp","href":"https:\/\/api.w.org\/{rel}","templated":true}]}}